{"id":125,"date":"2018-01-24T23:41:32","date_gmt":"2018-01-24T22:41:32","guid":{"rendered":"http:\/\/crystalcorp.be\/?page_id=125"},"modified":"2018-01-24T23:42:44","modified_gmt":"2018-01-24T22:42:44","slug":"fiscalite","status":"publish","type":"page","link":"https:\/\/www.crystalcorp.be\/index.php\/fiscalite\/","title":{"rendered":"Fiscalit\u00e9"},"content":{"rendered":"<p>IPP, ISOC, TVA, INR, IPM\u2026 vous pouvez compter sur notre engagement \u00e0 vos c\u00f4t\u00e9s afin de vous accompagner dans ces mati\u00e8res de plus en plus complexes, ce qui vous permettra de vous concentrer sur votre core business\u2026<\/p>\n<p>Nous travaillerons ensemble afin d\u2019optimiser votre dossier fiscal, dans le but de payer le juste imp\u00f4t et de vous \u00e9viter des erreurs qui, au niveau fiscal, peuvent s\u2019av\u00e9rer tr\u00e8s co\u00fbteuses !<\/p>\n<p>Nous tiendrons pour vous un dossier de travail dit \u00ab\u00a0dossier permanent\u00a0\u00bb et un historique mis \u00e0 jour continuellement de votre dossier fiscal. De nouveau, \u00e0 l\u2019instar de ce que nous vous proposerons en mati\u00e8re comptable, nous utilisons les meilleurs logiciels d\u00e9di\u00e9s aux professionnels du chiffre afin de vous offrir les services les plus efficaces dans les domaines de la comptabilit\u00e9, de la fiscalit\u00e9 et de la gestion d\u2019entreprise.<\/p>\n<p>N\u2019h\u00e9sitez pas \u00e0 nous contacter : nous fixerons un rendez-vous afin de discuter de VOTRE entreprise !<\/p>\n","protected":false},"excerpt":{"rendered":"<p>IPP, ISOC, TVA, INR, IPM\u2026 vous pouvez compter sur notre engagement \u00e0 vos c\u00f4t\u00e9s afin de vous accompagner dans ces mati\u00e8res de plus en plus complexes, ce qui vous permettra de vous concentrer sur votre core business\u2026 Nous travaillerons ensemble afin d\u2019optimiser votre dossier fiscal, dans le but de payer le juste imp\u00f4t et de &hellip; <\/p>\n<p class=\"link-more\"><a href=\"https:\/\/www.crystalcorp.be\/index.php\/fiscalite\/\" class=\"more-link\">Continuer la lecture<span class=\"screen-reader-text\"> de &laquo;&nbsp;Fiscalit\u00e9&nbsp;&raquo;<\/span><\/a><\/p>\n","protected":false},"author":1,"featured_media":0,"parent":0,"menu_order":0,"comment_status":"closed","ping_status":"closed","template":"","meta":{"_monsterinsights_skip_tracking":false,"_monsterinsights_sitenote_active":false,"_monsterinsights_sitenote_note":"","_monsterinsights_sitenote_category":0,"footnotes":""},"class_list":["post-125","page","type-page","status-publish","hentry"],"_links":{"self":[{"href":"https:\/\/www.crystalcorp.be\/index.php\/wp-json\/wp\/v2\/pages\/125","targetHints":{"allow":["GET"]}}],"collection":[{"href":"https:\/\/www.crystalcorp.be\/index.php\/wp-json\/wp\/v2\/pages"}],"about":[{"href":"https:\/\/www.crystalcorp.be\/index.php\/wp-json\/wp\/v2\/types\/page"}],"author":[{"embeddable":true,"href":"https:\/\/www.crystalcorp.be\/index.php\/wp-json\/wp\/v2\/users\/1"}],"replies":[{"embeddable":true,"href":"https:\/\/www.crystalcorp.be\/index.php\/wp-json\/wp\/v2\/comments?post=125"}],"version-history":[{"count":1,"href":"https:\/\/www.crystalcorp.be\/index.php\/wp-json\/wp\/v2\/pages\/125\/revisions"}],"predecessor-version":[{"id":128,"href":"https:\/\/www.crystalcorp.be\/index.php\/wp-json\/wp\/v2\/pages\/125\/revisions\/128"}],"wp:attachment":[{"href":"https:\/\/www.crystalcorp.be\/index.php\/wp-json\/wp\/v2\/media?parent=125"}],"curies":[{"name":"wp","href":"https:\/\/api.w.org\/{rel}","templated":true}]}}