{"id":49,"date":"2018-01-21T15:57:45","date_gmt":"2018-01-21T14:57:45","guid":{"rendered":"http:\/\/crystalcorp.be\/?page_id=49"},"modified":"2022-06-16T17:31:58","modified_gmt":"2022-06-16T15:31:58","slug":"services","status":"publish","type":"page","link":"https:\/\/www.crystalcorp.be\/index.php\/services\/","title":{"rendered":"Consultance et coaching pour PME"},"content":{"rendered":"<p>En 2022, 32% des entrepreneurs envisagent de reporter des investissements et des recrutements en raison des augmentations salariales&#8230;<\/p>\n<p>&#8230;selon une enqu\u00eate Unizo. Et que feront les autres entrepreneurs pour y faire face ? Licencier du personnel, r\u00e9duire leurs prix et donc leurs marges et travailler deux fois plus pour&#8230; survivre ? Le bon vieux cercle vicieux.<\/p>\n<p>Si on y ajoute les augmentations de prix des mati\u00e8res premi\u00e8res, de l&rsquo;\u00e9nergie, etc&#8230; \u00e7a devient intenable pour 90% des entreprises.<\/p>\n<p>Vous avez l&rsquo;impression d&rsquo;\u00eatre au volant d&rsquo;une voiture de course&#8230; bloqu\u00e9e dans les bouchons. Alimenter votre compte en banque revient \u00e0 remplir une passoire avec de l&rsquo;eau. Vous avez du mal \u00e0 vous endormir le soir parce que vous vous demandez comment vous allez payer les salaires et vos factures. Regarder les infos \u00e0 la t\u00e9l\u00e9 rel\u00e8ve du masochisme et prendre votre courrier \u00e0 la bo\u00eete aux lettres est devenu un v\u00e9ritable stress : encore des factures, des rappels, des r\u00e9gularisations de cotisations sociales&#8230; Que du bonheur !<\/p>\n<p>C&rsquo;est malheureusement le lot de nombreux ind\u00e9pendants et dirigeants de soci\u00e9t\u00e9s. Et tout cela finit par avoir un impact sur votre vie priv\u00e9e. Vous \u00eates convaincu.e du potentiel de votre activit\u00e9 et vous aimeriez la d\u00e9velopper malgr\u00e9 les circonstances mais comment faire ?<\/p>\n<p>Je vais \u00eatre direct : ce n&rsquo;est pas une fatalit\u00e9 et vous pouvez assur\u00e9ment changer tout \u00e7a. Faire d\u00e9coller votre entreprise et vos profits. Mais vous devrez travailler autrement. Penser et agir diff\u00e9remment. Par rapport \u00e0 vos habitudes et par rapport \u00e0 vos concurrents.<\/p>\n<p>Mais augmenter son chiffre d&rsquo;affaires en soi n&rsquo;est ni int\u00e9ressant, ni important. Vous pourriez \u00eatre en croissance mais \u00eatre en perte ann\u00e9e apr\u00e8s ann\u00e9e. La seule solution consiste \u00e0 augmenter vos profits, vos marges b\u00e9n\u00e9ficiaires, en boostant vos ventes (en quantit\u00e9 et en qualit\u00e9) ET en optimisant vos d\u00e9penses, sans travailler une d&rsquo;heure de plus que maintenant. Vous sacrifiez d\u00e9j\u00e0 assez comme \u00e7a votre vie priv\u00e9e.<\/p>\n<p>Oui, c&rsquo;est possible m\u00eame en p\u00e9riode de crise, mais avec les bonnes m\u00e9thodes. Et c&rsquo;est l\u00e0 que nous intervenons. Pour vous aider \u00e0 redresser la barre et changer de cap.<\/p>\n<p>N&rsquo;h\u00e9sitez plus et contactez-nous \u00e0 <a href=\"mailto:info@crystalcorp.be\">info@crystalcorp.be<\/a> ou passez-nous un coup de fil afin de <strong>r\u00e9server votre rdv gratuit et sans engagement<\/strong> !<\/p>\n<p><strong>Nos services de consultance et de coaching vous aideront,\u00a0apr\u00e8s analyse de votre activit\u00e9 et un premier diagnostic, \u00e0 :<\/strong><\/p>\n<p><strong>&#8211; augmenter vos profits en am\u00e9liorant vos marges<\/strong><br \/>\n<strong>&#8211; booster vos ventes et votre chiffre d&rsquo;affaires en optimisant votre activit\u00e9 et en sortant du lot<\/strong><br \/>\n<strong>&#8211; mettre en place une v\u00e9ritable strat\u00e9gie marketing selon les derni\u00e8res m\u00e9thodes am\u00e9ricaines<\/strong><br \/>\n<strong>&#8211; d\u00e9tecter les co\u00fbts inutiles et optimiser vos d\u00e9penses<\/strong><br \/>\n<strong>&#8211; vous aider \u00e0 remettre de l&rsquo;ordre dans vos finances professionnelles et personnelles<\/strong><br \/>\n<strong>&#8211; acqu\u00e9rir le bon \u00e9tat d&rsquo;esprit pour faire d\u00e9coller votre activit\u00e9 et rester motiv\u00e9.e<\/strong><br \/>\n<strong>&#8211; r\u00e9organiser votre activit\u00e9 pour \u00eatre plus productif.ve, plus confiant.e et plus efficace.<\/strong><\/p>\n<p>Apr\u00e8s plusieurs ann\u00e9es de formations intenses et d&rsquo;exp\u00e9rience au service de nos clients, nos comp\u00e9tences compl\u00e9mentaires en marketing, gestion financi\u00e8re, organisation d&rsquo;entreprise, comptabilit\u00e9 et en fiscalit\u00e9 nous permettent de vous accompagner efficacement, sans vous faire perdre votre temps et en vous apportant une vraie plus-value.<\/p>\n<p><strong>N&rsquo;h\u00e9sitez plus et contactez-nous \u00e0 <a href=\"mailto:info@crystalcorp.be\">info@crystalcorp.be<\/a> ou passez-nous un coup de fil afin de r\u00e9server votre rdv gratuit et sans engagement !<\/strong><\/p>\n<p>Au plaisir de vous rencontrer.<\/p>\n","protected":false},"excerpt":{"rendered":"<p>En 2022, 32% des entrepreneurs envisagent de reporter des investissements et des recrutements en raison des augmentations salariales&#8230; &#8230;selon une enqu\u00eate Unizo. Et que feront les autres entrepreneurs pour y faire face ? Licencier du personnel, r\u00e9duire leurs prix et donc leurs marges et travailler deux fois plus pour&#8230; survivre ? Le bon vieux cercle &hellip; <\/p>\n<p class=\"link-more\"><a href=\"https:\/\/www.crystalcorp.be\/index.php\/services\/\" class=\"more-link\">Continuer la lecture<span class=\"screen-reader-text\"> de &laquo;&nbsp;Consultance et coaching pour PME&nbsp;&raquo;<\/span><\/a><\/p>\n","protected":false},"author":1,"featured_media":0,"parent":0,"menu_order":0,"comment_status":"closed","ping_status":"closed","template":"","meta":{"_monsterinsights_skip_tracking":false,"_monsterinsights_sitenote_active":false,"_monsterinsights_sitenote_note":"","_monsterinsights_sitenote_category":0,"footnotes":""},"class_list":["post-49","page","type-page","status-publish","hentry"],"_links":{"self":[{"href":"https:\/\/www.crystalcorp.be\/index.php\/wp-json\/wp\/v2\/pages\/49","targetHints":{"allow":["GET"]}}],"collection":[{"href":"https:\/\/www.crystalcorp.be\/index.php\/wp-json\/wp\/v2\/pages"}],"about":[{"href":"https:\/\/www.crystalcorp.be\/index.php\/wp-json\/wp\/v2\/types\/page"}],"author":[{"embeddable":true,"href":"https:\/\/www.crystalcorp.be\/index.php\/wp-json\/wp\/v2\/users\/1"}],"replies":[{"embeddable":true,"href":"https:\/\/www.crystalcorp.be\/index.php\/wp-json\/wp\/v2\/comments?post=49"}],"version-history":[{"count":13,"href":"https:\/\/www.crystalcorp.be\/index.php\/wp-json\/wp\/v2\/pages\/49\/revisions"}],"predecessor-version":[{"id":342,"href":"https:\/\/www.crystalcorp.be\/index.php\/wp-json\/wp\/v2\/pages\/49\/revisions\/342"}],"wp:attachment":[{"href":"https:\/\/www.crystalcorp.be\/index.php\/wp-json\/wp\/v2\/media?parent=49"}],"curies":[{"name":"wp","href":"https:\/\/api.w.org\/{rel}","templated":true}]}}